e 4*f = -t - 6 + 25, q = f - 1. What is the tens digit of t?
1
What is the hundreds digit of (-8 + (-5 - -263))*(-2)/(-5)?
1
Let q(c) be the first derivative of -c**4/4 - 2*c**3/3 + c**2/2 + 4*c + 1. What is the tens digit of q(-3)?
1
Suppose -76 = -16*u + 14*u. What is the tens digit of u?
3
Suppose 26 = 4*f - 6. Let i = -7 + f. What is the units digit of i?
1
Let v(i) = i**2 + i. Suppose 18 = -3*k - 0*k. Let d(t) = -7*t**2 - 12*t - 7. Let o(h) = k*v(h) - d(h). What is the units digit of o(-7)?
4
Let n(s) = -3*s**3 + 4*s**2 + s - 1. Let t(r) = -r**3 - r**2 + r. Let a(b) = -2*b. Let f be a(-1). Let k(q) = f*t(q) - n(q). What is the units digit of k(6)?
7
Suppose -4*w - 5 = -4*v + w, 2*w = -3*v - 2. Suppose v*x - 4*x + 40 = 0. Suppose -y + 0*y = -x. What is the units digit of y?
0
Let h = 0 - -1. Let g = h - -1. Suppose 4*v - g*s - 9 - 27 = 0, 10 = 2*v - 5*s. What is the units digit of v?
0
Let z(d) = d**2 + 6*d - 5. Let s be z(-8). Let m = 15 - s. Let v = m + -3. What is the units digit of v?
1
Let w be (-5 + 1)*(-2)/(-2). Let m(t) = t**3 + 4*t**2 - 4*t + 4. Let u be m(w). What is the units digit of (-6)/(-10) + 8/u?
1
Let f = 124 - -35. What is the tens digit of f?
5
Suppose 4*b - 161 = -u, 2*b - 30 = 5*u + 45. What is the units digit of b?
0
Suppose 4*d - 892 = 4*u, 5*d + 3*u = -2*u + 1115. What is the units digit of d?
3
Suppose -4*t + 4*i = -32, 0 = -i - i. Suppose -t = -x + s + 3*s, x + 3*s = 15. What is the tens digit of x?
1
Let b(z) = -4*z**3 - z**2 + z. Let u be b(1). What is the units digit of u/2 - 6/(-2)?
1
Suppose -6*x + 2*x + 28 = 0. What is the units digit of x?
7
Suppose -o = -3*o - 5*v - 37, -3*o + v - 13 = 0. What is the units digit of (o/(-7))/((-3)/(-21))?
6
What is the tens digit of 48/20*10*1?
2
Suppose 30 = -5*h + 5*a - 0*a, 2*a = -3*h + 7. What is the tens digit of 32 + 2/h + -1?
2
What is the units digit of (-4)/(-8)*(-70)/(-5)?
7
Suppose 0*n + 9 = -n. What is the units digit of 4 + 39 - n/3?
6
Suppose 0 = 3*p, -2*s + 237 = s + 3*p. What is the tens digit of s?
7
Suppose 0*i + 4*l = -3*i + 127, -205 = -5*i - 5*l. What is the tens digit of i?
3
Suppose 2*q + 0*q = 6. Let z be (-1)/(-2*q/18). What is the units digit of 8/12*z*2?
4
Suppose -36*r + 11 = -35*r. What is the tens digit of r?
1
Suppose 0 = -3*n - 2*n + 45. What is the tens digit of (-4)/(-18) + 124/n?
1
Suppose 3*w + 16 = 5*w. Suppose 0*c + 4*c - w = 0. Suppose c*l - l + 4*i - 21 = 0, 0 = l - 4*i + 19. What is the units digit of l?
1
Let k = 20 + -19. What is the units digit of k?
1
Suppose 94 = q - 13. What is the hundreds digit of q?
1
Let g = -4 + 7. Suppose 4*r - 5 = g. What is the units digit of 1*(3 + -1*r)?
1
Let a(h) = -h**3 + 9*h**2 - 7*h - 7. Suppose 8*g = 4*g + 32. What is the units digit of a(g)?
1
Let l = -84 - -115. What is the units digit of l?
1
Let o(z) = 12*z**2 - 1. Let k be o(2). Suppose 2*g = 3*s - k, 5*s + 0*g - g - 69 = 0. What is the tens digit of s?
1
What is the units digit of (4/(-5))/((-10)/725)?
8
Suppose -4*z + 408 = -4*s, -4*s + 1 - 5 = 0. What is the hundreds digit of z?
1
What is the tens digit of (18 + -21)*(-2 + 406/(-6))?
0
What is the tens digit of (5 + -3)/(-2) + (22 - -3)?
2
Let v = -160 - -260. What is the units digit of v?
0
Let p be 1/(-2) + 1/2. Let c = p + 12. What is the tens digit of c?
1
Suppose -4*o - u + 1020 = 0, 1286 = 5*o + 3*u + u. What is the tens digit of o?
5
Let i(a) = -a + 1. Let m be i(-1). Suppose 8 = 5*o - m. What is the units digit of 12 - (-3)/(-3) - o?
9
Let a = 467 + -321. What is the tens digit of a?
4
Suppose 6*h - h - 70 = 0. Suppose -9*v - 195 = -h*v. What is the tens digit of v?
3
Let b = 10 - 5. Let s = b + 8. Suppose u - 3*w = s, 0*u = 3*u + 2*w + 5. What is the units digit of u?
1
Let x = -5 - -5. Let m be (1 - 2)*x/4. Suppose -s + 4 = -m*s. What is the units digit of s?
4
Let n be -1 + -3 - (1 - 3). What is the tens digit of 1/(-2) - 65/n?
3
Let x(i) = -i**3 + 4*i**2 + 2*i - 3. Let n be x(4). Let h = n + -1. Let t = 12 - h. What is the units digit of t?
8
Suppose 2*b + 5*h = 142, 11 = 2*b - h - 119. What is the tens digit of b?
6
Let o(r) = -r + 1. Suppose 4*f + 0 = 3*j - 11, -2*f = -5*j - 5. Let s be o(j). Suppose -3*n = s*p - 34, -4*n + 2*p + 38 + 0 = 0. What is the units digit of n?
0
Suppose 10*x = 5*x + 55. Let z(n) = n + 3. What is the units digit of z(x)?
4
Let o = -270 - -493. What is the tens digit of o?
2
Let g = -21 - -25. What is the units digit of g?
4
Suppose 8 - 11 = -3*i. What is the units digit of i/(-4) - 548/(-16)?
4
Let f(y) = y. Let v be f(2). Suppose 0*z = -2*k + 3*z - 90, -3*k - 109 = v*z. What is the units digit of (-4)/6*k/2?
3
Suppose -240 - 648 = -8*u. What is the tens digit of u?
1
Let q(w) = 3*w**2 - w + 3. Let b(c) = c**2 + c + 1. Let g(k) = 4*b(k) - q(k). What is the units digit of g(-5)?
1
Let b(j) = -j**2 - 3*j + 1. Let a = -7 - -5. Let f be b(a). What is the units digit of 3/4 - f/(-12)?
1
Suppose -q + 3*d + 2*d = -17, -2*d = -4*q + 14. Suppose m = q*m. Suppose -5*v - 14 + 69 = m. What is the units digit of v?
1
Let n(i) = -i**3 - 6*i**2 - 9*i - 2. Let a be n(-6). Let m = a - 36. What is the tens digit of m?
1
Let o = 4 - 2. Let x = -5 + o. What is the units digit of 27/x*(-1)/3?
3
Suppose 8*b = 4*b + 48. Suppose -b + 272 = 5*t. What is the tens digit of t?
5
Suppose -89 = -5*s + 5*j + 131, 2*j = 3*s - 135. Let i = s + -34. What is the tens digit of i?
1
Let m = -40 - -102. What is the units digit of m?
2
Let d(q) = -q**3 + 8*q**2 + 11*q - 4. What is the tens digit of d(9)?
1
Suppose -3*d - 2*v - 9 + 29 = 0, -4*d - 4*v = -32. Let t = d + 6. Let i = t + -3. What is the units digit of i?
7
Let q(h) be the second derivative of 0 - h + 3*h**2 + 1/6*h**3. What is the units digit of q(0)?
6
Let n = 5 + -3. Let x(q) = 5*q**2 + 1 - 5*q**2 + 0*q**n - q**2. What is the units digit of x(0)?
1
Suppose -d - 2*d = 0. Let q = d + -1. Let a = q + 2. What is the units digit of a?
1
Let l be (-3 - -35)/((-6)/(-9)). Let n be l/27 + 2/9. Suppose -n*p + 2 = -2. What is the units digit of p?
2
Suppose 5*o - 106 - 124 = 0. What is the units digit of o?
6
Let a(c) be the first derivative of c**3 - 3*c**2/2 + 2*c - 3. What is the units digit of a(2)?
8
Suppose -k + 4*l + 3 = 0, -2*k + 3*l + 6 = 2*l. What is the units digit of k?
3
Let k(n) = 2*n - 6. Let o be k(6). Suppose 0 = 3*u + 2 + 4. What is the units digit of o*u/(-2) - 2?
4
Let n(a) = -14*a + 7. What is the units digit of n(-3)?
9
Let t be (-6)/(-9)*1*48. Suppose 5*x + 63 = 2*o - t, -5 = x. What is the tens digit of o?
3
Let b be (-7)/2 - (-3)/6. Let x = -2 - b. What is the units digit of x?
1
Suppose 7*b + 75 = 10*b. Let v = -3 + b. What is the units digit of v?
2
Let y(l) = 6*l**3 - l**2 - 4*l + 3. What is the tens digit of y(2)?
3
Let z be (-6)/15 + (-4)/(-10). Suppose 3*d - 72 = -z*d. Suppose -3*l = -6*l + d. What is the units digit of l?
8
Let o = 264 + -185. What is the units digit of o?
9
Let i(d) = d + 1. Let a(y) = -3*y - 2. Let k(s) = s**3 + 5*s**2 + 5*s + 5. Let m be k(-4). Let t(b) = m*a(b) + 4*i(b). What is the units digit of t(4)?
6
Let v = -49 + 95. What is the tens digit of v?
4
Suppose 3*x = h - 7, -4*h = -5*h - 3*x - 23. Let d(m) = m**2 + 8*m + 6. Let p be d(h). What is the units digit of (6/5)/(p/20)?
4
Let p = -1 + 1. Suppose p*v - 352 = 4*v - 4*g, 350 = -4*v + 3*g. What is the units digit of 4/10 + v/(-10)?
9
Let b be -3 - (-3)/6*62. Suppose 0 = 3*o - 9, -6*y = -4*y + 4*o - b. What is the units digit of y?
8
Let n(a) = -a**3 + 4*a**2 + 2*a - 6. Let y be n(4). Suppose 0 = y*w + 2*b - 38, -4*b + 2*b = 0. What is the units digit of w?
9
Suppose -j + 65 = 3*v, j + 3*v = -2*v + 71. What is the tens digit of j?
5
Suppose -4*v + 434 = -5*g, 2*v + 4*g = g + 206. What is the units digit of v?
6
Suppose -4*r + 292 = 3*b, 33 - 193 = -2*r - 5*b. Suppose 22 = -2*n - 3*w + r, 0 = -4*w + 8. What is the tens digit of n?
2
Let n(o) = -o**2 + 5*o - 3. Let c(h) = h**3 - 4*h**2 + 2*h - 4. Let b be c(4). What is the units digit of n(b)?
1
Let n(j) = -4*j - 7. Let s(d) = -2*d - 3. Let a(r) = 6*n(r) - 11*s(r). What is the units digit of a(-6)?
3
Suppose -2*v = -4*x + 76, 4*x - 19 = 3*x + 5*v. What is the units digit of x?
9
Let g(l) = 2*l + 3. Let a be g(3). Let t = 30 - a. What is the tens digit of t?
2
Let h(f) = f*